0395801 composite?
True
Is 188810581769 prime?
False
Is 7729654573 composite?
False
Is 305647781 prime?
True
Is 944879083 prime?
True
Is 3905269233 prime?
False
Is 107838756457 composite?
False
Is 259226507 a composite number?
False
Is 148888639 a composite number?
True
Is 3418393229 a prime number?
True
Is 22528331857 a composite number?
False
Is 2945969699 a prime number?
False
Is 802900433 prime?
True
Is 3258473143 a composite number?
True
Is 37835438387 a prime number?
True
Is 870640399 a composite number?
False
Is 531341991163 a prime number?
True
Is 210240119 a composite number?
True
Is 411115307 prime?
False
Is 101464349711 a prime number?
True
Is 996676981 a composite number?
True
Is 40419397379 a prime number?
True
Is 5815617559 a prime number?
False
Is 1018744577 composite?
False
Is 28195311619 a composite number?
False
Is 680291 composite?
False
Is 306081019 a composite number?
True
Is 72076661737 a composite number?
True
Is 33448447 a composite number?
False
Is 1753626491 composite?
True
Is 2953296587 a composite number?
True
Is 18405853861 a composite number?
True
Is 2170510603 a prime number?
False
Is 9374783239 composite?
True
Is 1791997799 a composite number?
True
Is 60574445803 a prime number?
False
Is 17911228618 a composite number?
True
Is 129440699 a composite number?
False
Is 14606445914 a prime number?
False
Is 9778591447 a prime number?
True
Is 757081937 prime?
True
Is 6557283899 composite?
False
Is 461634079 a prime number?
True
Is 4425419783 a prime number?
True
Is 1828798457 prime?
True
Is 3811996577 a composite number?
False
Is 3093479 composite?
False
Is 296204237 prime?
False
Is 11950752391 a prime number?
True
Is 3080475379 a prime number?
True
Is 7559398241 composite?
False
Is 762041549 a prime number?
True
Is 80148515849 a composite number?
False
Is 406953035 prime?
False
Is 2922537671 prime?
False
Is 15022245437 a composite number?
False
Is 457838029 composite?
True
Is 8352097667 composite?
False
Is 27013457 composite?
False
Is 32153886283 a prime number?
False
Is 20765670667 a prime number?
False
Is 7068841547 a prime number?
True
Is 603251331 prime?
False
Is 8603351 a composite number?
True
Is 36031776419 a composite number?
False
Is 111596087 a composite number?
False
Is 1636422043 prime?
False
Is 2666921407 a composite number?
False
Is 235431397 a prime number?
True
Is 1204527091 prime?
True
Is 562953737 a composite number?
True
Is 2671350137 a composite number?
False
Is 23450284901 a prime number?
False
Is 7847520943 prime?
False
Is 3797974237 a composite number?
False
Is 145038359 composite?
False
Is 1502217683 composite?
False
Is 941659331 a prime number?
True
Is 5048972869 a prime number?
True
Is 307450853 a prime number?
True
Is 1596942293 a composite number?
True
Is 59418153191 composite?
False
Is 3297022853 composite?
False
Is 117874013003 a prime number?
True
Is 17696623003 prime?
False
Is 511440283 a prime number?
True
Is 1132734269 a prime number?
True
Is 193911887341 prime?
True
Is 780469849 a prime number?
False
Is 299689979 prime?
True
Is 2743396847 a prime number?
True
Is 14995782341 a prime number?
False
Is 163271401 a composite number?
False
Is 15924399979 prime?
False
Is 259638978361 a prime number?
False
Is 595876607 composite?
False
Is 2682680083 prime?
False
Is 998191729 a prime number?
False
Is 140776641035 composite?
True
Is 449746949 prime?
False
Is 12951475727 prime?
False
Is 175728767 a composite number?
False
Is 4549916207 a composite number?
True
Is 52150064453 a composite number?
True
Is 540288167 a composite number?
False
Is 74380703 composite?
False
Is 133472663 composite?
True
Is 9434388583 a composite number?
True
Is 48398898063 a composite number?
True
Is 116759413 a prime number?
False
Is 735492049 prime?
False
Is 10219399709 composite?
False
Is 1858936039 composite?
False
Is 2335504109 prime?
False
Is 234687119943 composite?
True
Is 24548865107 a prime number?
False
Is 337633657 prime?
False
Is 720858211 a composite number?
False
Is 6011833138 composite?
True
Is 1269574559 prime?
False
Is 439425055 a composite number?
True
Is 80230901767 a composite number?
False
Is 37966009849 composite?
True
Is 253682987 composite?
True
Is 1395199753 a prime number?
True
Is 2396693249 a prime number?
False
Is 84164205571 prime?
False
Is 4697386013 a composite number?
True
Is 28831959623 a composite number?
True
Is 95092616362 a prime number?
False
Is 67029563 composite?
True
Is 70962709667 prime?
False
Is 187382303 composite?
False
Is 70121801 a prime number?
False
Is 1289503301 a prime number?
True
Is 606390479 prime?
False
Is 2190723013 a composite number?
False
Is 4282991291 composite?
True
Is 544470907 a composite number?
True
Is 987501133 prime?
False
Is 1045678363 a prime number?
True
Is 3579558721 a composite number?
False
Is 1424754521 a composite number?
True
Is 258359954389 a composite number?
False
Is 213413606267 composite?
False
Is 477049847 prime?
False
Is 190241352133 prime?
False
Is 15863913859 a composite number?
True
Is 23010837779 a prime number?
False
Is 3474414641 composite?
True
Is 53665739 a prime number?
False
Is 44660251243 prime?
False
Is 91703209957 a composite number?
False
Is 19623640903 prime?
True
Is 18527335529 composite?
False
Is 37286874347 a prime number?
False
Is 17547797 prime?
False
Is 58632737699 prime?
False
Is 3339113593 prime?
False
Is 2789266699 prime?
True
Is 522183349 a composite number?
True
Is 1544733527 composite?
False
Is 8523433 composite?
True
Is 10140498529 a composite number?
True
Is 3982322711 a composite number?
True
Is 2495861519 a composite number?
True
Is 16800197441 a composite number?
True
Is 1685558087 prime?
False
Is 3256973969 a composite number?
False
Is 2205652103 a prime number?
False
Is 16347163079 prime?
False
Is 7555568287 a composite number?
True
Is 6320788009 composite?
False
Is 89554227881 a composite number?
True
Is 5658462709 prime?
False
Is 377318251 prime?
False
Is 39885649 a composite number?
False
Is 4823071597 prime?
False
Is 4829373581 prime?
True
Is 78686324449 a composite number?
True
Is 8716218317 prime?
True
Is 16758485999 composite?
True
Is 5487415789 composite?
True
Is 15183385489 prime?
True
Is 608216987 a composite number?
True
Is 50508479869 prime?
True
Is 7540885019 prime?
True
Is 6647113147 a prime number?
False
Is 886479742 a composite number?
True
Is 110735353889 a prime number?
True
Is 550872473 a composite number?
True
Is 52281595007 a prime number?
False
Is 29864179481 prime?
False
Is 4663767643 a prime number?
False
Is 19121087017 a composite number?
False
Is 808582921 a prime number?
True
Is 88122547 composite?
False
Is 91028627 prime?
True
Is 2716830941 composite?
True
Is 12246118991 a composite number?
True
Is 28172131291 prime?
False
Is 1286380037 a composite number?
True
Is 334239097 composite?
True
Is 309886223 prime?
False
Is 768832381 a composite number?
True
Is 11591888023 a prime number?
True
Is 440885993 composite?
False
Is 17563027 prime?
False
Is 7017131473 a composite number?
True
Is 928829921 a composite number?
False
Is 17897609123 composite?
False
Is 13725558227 prime?
True
Is 290449559 prime?
False
Is 7803960667 composite?
False
Is 181406003 prime?
True
Is 24718560341 a prime number?
False
Is 748525339 prime?
True
Is 16098960701 a composite number?
True
Is 5208693397 composite?
False
Is 367449007 prime?
False
Is 7579842769 a prime number?
True
Is 27489397921 composite?
True
Is 3042989329 a prime number?
False
Is 8613929911 prime?
True
Is 339366197 a prime number?
True
Is 75300223 composite?
False
Is 68472379421 a prime number?
True
Is 2342794067 composite?
True
Is 874777801 prime?
True
Is 2339389723 a composite number?
True
Is 3053459687 prime?
False
Is 383818793 a prime number?
True
Is 105411109 a composite number?
False
Is 4679210429 a composite number?
True
Is 15311819722 prime?
False
Is 688839743 composite?
True
Is 4959322241 composite?
True
Is 61653956003 prime?
True
Is 15265674041 prime?
True
Is 84103339 prime?
False
Is 1825410031 prime?
False
Is 126708127261 composite?
False
Is 93214178371 composite?
True
Is 38493426043 a composite number?
True
Is 1880063113 a composite number?
False
Is 333504841 prime?
True
Is 19045628659 a prime number?
False
Is 8202375887 a pr